6))) + 3
-28
Evaluate 22 - ((13 - -37) + -16).
-12
(-105 - (24 - 227)) + -22
76
Evaluate -60 - -3 - ((43 - 22) + -25 + 14).
-67
What is 35 + (6 - (3 + -4 + 12)) + 6?
36
48 + -42 + 4 - 41
-31
Calculate 3 + (-56 - -21 - -44).
12
Calculate ((-2 - 5) + 22 + -12 - 19) + -8.
-24
-75 - -100 - (22 + 5) - (-62 + -4)
64
Evaluate -45 + (38 - -1) + 7 + 50 + 8.
59
Evaluate 52 + 6 + -9 + -9 - (9 - (-2 + 3)).
32
What is the value of (59 + -34 - 30) + (14 + -6 - -38)?
41
Evaluate (4 - 6) + -1 + -10 + 2 + 41 + -13.
17
What is (-68 - 2) + -277 + 220 + 88?
-39
What is the value of 2 + 1 - ((27 - -3 - 14) + (60 - -3))?
-76
Calculate 5 + (-8 - (5 + -36)) + -64.
-36
Evaluate (-4 + -4 + 2 - -7) + (9 - 23 - 22).
-35
Calculate (2 - (3 + -1) - (2 + -1)) + -43 + 81.
37
Calculate 13 + 0 + (82 - (151 + -84)).
28
What is the value of 0 - ((3 - 4 - 1 - 6) + 39) - -2?
-29
(-1 + 8 - -92) + (2 - 1) + -1201 + 1198
97
(5 - 18) + -5 + 102 + -101
-17
What is -75 + 39 - (-6 - (6 + 8))?
-16
What is 17 + 101 + -79 + -108 + 0 + -9?
-78
24 + (-5 - 3) - 61
-45
Evaluate 38 - (55 + -12 + -22 - 26).
43
Evaluate 1 + (-14 - 0) - (175 + -197 + 41).
-32
-26 - (-93 - -17) - (-11 + 1) - 11
49
Evaluate 86 + ((-10 - (-9 + -12)) + -9 - (2 - -11)).
75
Evaluate -10 - (12 + (-64 - -49)).
-7
What is (-2 - -32) + (5 + -23 - -23 - 4)?
31
Evaluate -17 + 32 - (-12 - (-8 + -5)).
14
What is the value of (94 - (-10 - -24)) + (-22 - -14)?
72
Calculate 5 - (1 + 26 - (-35 + 57 + -24)).
-24
Evaluate (66 - 96) + 31 + -34.
-33
Calculate 1 + 0 + 16 + (-23578 - -23624).
63
What is the value of 99 + -1 + 13492 + -13643?
-53
What is the value of (-2226 - -2219) + -28 + 0 + 0?
-35
-1 + 1 + 3 - 12 - (35 - 44)
0
What is the value of -8 - (7 - (-1 + 3 + -58 + 69))?
-2
Calculate 22 + (-30 + 52 + -40 - -40).
44
What is 2 + -7 + (-2 - 3 - (-50 - -50))?
-10
Evaluate -58 + -1 - (-24148 - -24124).
-35
Evaluate (-9 + 1 + -7 - -1) + (-57 - -143).
72
Calculate 63 + -32 + 0 - 14.
17
Evaluate -5 + (-41 + 11 - -120).
85
Calculate 328 + -292 - (-2 + 61) - (2 + 96).
-121
(-37 - -43) + -27 + (-5 - -74)
48
What is 2 + 4 - (-4 - (-34 - -2))?
-22
Calculate 9 - (-34 + 2 + 4 + -4 + -12 + 8).
45
Evaluate (0 - -9) + (40 + -116 - (-12 - 1)).
-54
What is -642 - -557 - (1 - (1 + 14 + 1))?
-70
Evaluate -2 + -13 + 85 + 47 + -88.
29
What is the value of (32 - ((-7 - 19) + 39)) + (83 - -1)?
103
What is (58 - (94 - -76)) + 253?
141
What is the value of 7528 + -7538 + (-1 - (31 - 0 - -1 - -1))?
-44
(-25 - (1 - 34) - (-8 - -6 - 3)) + -66
-53
Calculate 4 - (-33 + (-11 - (1 + (-18 - -6)))).
37
Evaluate (-75 - (1 + 2)) + -15 + (27 - (23 + -20)).
-69
What is the value of 683 + -598 - (10 + 3 + -6)?
78
What is 47 - ((6 - 17) + 50)?
8
Calculate 82 + (-192 - 5) + 21.
-94
What is the value of -24 + 6 - (-58 - -58)?
-18
Evaluate ((0 - 31) + -36 + 51 - (-2 + -6)) + 49.
41
What is the value of (4 - (2 + -1)) + 15 + -10 - -7?
15
-35 + 42 - (-11 - (-148 - -15 - -14))
-101
Calculate (1048 - 1019) + 1 + (4 - 16).
18
Calculate -11 - (7 + -55 + 19 + -28 + 8).
38
Calculate (40 + -34 - 22) + -6 + -6.
-28
What is the value of -13 - (-19 + 9 + (0 + -2 + 1 - -1))?
-3
Evaluate 6 - ((-10 - (0 + 7 + -18)) + 16).
-11
Evaluate (4 - 2) + -2220 + 2252.
34
Evaluate -17 - ((-345 + 337 - (1 + -10)) + 12).
-30
What is (-1 + -13 - (22 + -46)) + (6 - 2 - -3)?
17
Calculate -99 + (-19 + 117 - 48).
-49
Evaluate -6 + (-6 + 0 - (-219 + 185)).
22
-10 - 3 - (62 + -65 + (-2 - 2))
-6
Calculate -15 + (38 - 10 - -18).
31
What is -2 - -16 - (8 + 6 + (-129 - -85))?
44
What is the value of -55 + 54 - (40 - (-1 - -2) - (-206 - -203))?
-43
What is (-2 - 25) + 17 + -25 + 15 + 5?
-15
What is the value of (-8 - -7) + ((4 + -5 - 11) + -1 - 33)?
-47
4379 + -4378 + (-2 + 0 - -2)
1
Evaluate (-13 - 13) + 6 - -51 - 111.
-80
Evaluate -10 + (22 + (-26 - -16) - (-11 - -1)).
12
19 + -1 + (17 - -4 - 3)
36
What is the value of 121 + -64 + -173 + 49?
-67
What is 5 - (-10 + (0 + -16 - (-16 + (-2 - -23))))?
36
What is the value of (6 - -6) + -13 + 47 + -70?
-24
What is the value of 253 + (70 - 276) + (-1 - 15)?
31
Calculate 19 + -6 - ((8 - -2) + 22 + -23).
4
(-88 - (35 - 19)) + (-3 - -38)
-69
What is 52 - 52 - 33 - (-3 + 3 - -14)?
-47
(-107 - (-3 + -49)) + 0 + 7
-48
What is the value of -86 + (54 - (72 + -34))?
-70
What is -56 - (-63 + 94 + -28)?
-59
Evaluate -29 + 15 - -25 - (-72 - -62).
21
85 - (-11 + 42) - 2
52
Calculate (-76 - -17) + 85 - 113.
-87
Evaluate 38 - (-16 + (40 - 101) + 41).
74
(-4 - (-22 - 6)) + -11 + -7 - (10 + 0)
-4
Calculate -11 - (12 + (354 + -360 - (82 - 1))).
64
What is (36 - (-30 - -40)) + 13?
39
-8 + 3 + 0 - (-189 + 79 - -154)
-49
Calculate -6 + 17 + 17 - -18 - (-4 - 1).
51
Evaluate -1 + -34 + 207 + -195 + 43.
20
What is (-7 - -6 - (-2 - -3)) + (138 - 29 - 114)?
-7
What is the value of (169 - 54) + -88 + 43?
70
Calculate 23 - (61 + 93) - -110.
-21
Calculate -4 - ((-8 - 77) + (2 - 3)) - (99 + -94).
77
Calculate (1 - -1 - 11) + 93 + (-11 - 27).
46
-27 - (4 - (84 + -45))
8
Evaluate -1 + (-12 + -1 - -13 - ((-2 - 1) + 4)).
-2
What is -65 + (-35 - -10) + -8 + 13?
-85
What is the value of (-3 - (-2 - 7)) + (5 - 62 - -9) - 12?
-54
Evaluate 41 - (14 + (-3 - -36 - 30)).
24
Evaluate 4 - (3 + 21) - (-36 + 21).
-5
Evaluate -1 - (-8 + -2) - (-10397 - -10383).
23
What is the value of -76 - -1 - (4318 - 4338)?
-55
20 + (-28 - (-9 + -9 - -5))
5
-15 + 3 + -13 + (-2 - (15 + -6 - 18))
-18
Calculate (-78 - (5 + 5)) + 47.
-41
17 + -24 + -1 + 0 + (-2 - -12) + 3
5
What is (-2512 - -2508) + -2 + 0 + -11?
-17
-14 + 66 + -57 - -141
136
Calculate -2 + (-4 - (1 + -3) - 10) + 12 + -5.
-7
-61 + (2 - -7 - (19 - (-14 - -12)))
-73
Evaluate 62 + (44 + -48 - (-3 + 0)) + 17.
78
What is -87 - (0 + 20 - (-52 + 142 + -70))?
-87
Calculate 89 + -29 + (-94 - -104).
70
Evaluate -19 - (31 - 46) - ((-5 - -16) + 0).
-15
Calculate -35 + -13 + 31 - (91 - 69).
-39
What is 40 - (41 + 41) - -26?
-16
What is -6 - (-10 + 26 - 6 - 10) - 13?
-19
What is ((17 - 3) + -82 + 91 - -1) + -14 + -50?
-40
Evaluate (-3 - 2) + (0 + -4 + -6 - -15) + -58.
-58
Evaluate 15 + (0 + 1 - 38) + 8 + -61.
-75
What is the value of -5 + 4 + -742 + 777?
34
Calculate -52 + (94 - -70) + -14.
98
What is the value of (4 - 2) + 5 + 3 + 53 + -6?
57
19 + -1 - (-45 + 6 + 20)
37
Calculate (57 - -15) + -27 + -90 - -98.
53
Evaluate (3 + -11 + 31 - -10) + (-3 - 6) - 10.
14
What is the value of 8 - 4 - (-3 + 8 + -15 + -1)?
15
Evaluate 30 + (5 - 22) - 9 - (-3 - (4 + 52)).
63
What is the value of -84 + 48 + 16 - (-30 - 1)?
11
Calculate 49 - (116 + -67) - -21.
21
1 + (-1 + 6 + -10 - (-10 - -10))
-4
Evaluate (-14 + 31 - (-2 + -11)) + 1 + -9.
22
What is the value of -4 + 10 + (-48 - 1)?
-43
Calculate -28 + (-46 - (-145 + 41)).
30
Calculate 14 - (-5 + 6 + -19 + 35).
-3
What is -10 + (-7 - (10 - (-20 + 56)) - -14)?
23
What is the value of -13 - (3 + -16 + -35 + 47 + (-9 - -39))?
-42
What is the value of 8 + -9 + -2 - (-14 - -29 - 19) - -11?
12
Evaluate -125 + 161 + (46 - 29).
53
83 + (47 - 95) - -29
64
Evaluate 118 - 222 - -172 - (1 + 4).
63
What is -4 - (-18 + 12 + 6) - -61?
57
What is the value of 61 + -1 + -76 + (232 - 165)?
51
What is (168 + -82 - 57) + -50?
-21
3 + -9 + (20 - ((-11 - -12) + 5 + -5))
13
Calculate -1 + 10 - (-48 + -96 + 163).
-10
Evaluate -24 + (53 - -40 - 3).
66
Evaluate (75 - 53) + 61 + -152.
-69
What is the value of (7 - 10) + -15 + 35 + -13 + -9?
-5
-14 + 3 + 21 + -10 - -11 - -13
24
Evaluate (0 + 3 - -2) + (-302 - -308).
11
-18 - (-55 - 0 - (74 - (133 - 61)))
39
Evaluate 0 + (-21 - -6 - -58).
43
What is -18 + -21 + -26 - 0?
-65
(-4 - -21) + (18 - -20) + -9 + -2
44
What is the value of -20 + -2 + (60 - 120) + 52?
-30
Evaluate (66 - -86) + (-16 - 3) - (7 - -10).
116
6 - (-120 + 130 - (3 + 9 - -3)) - -18
29
-10 + (51 - 72) + 32
1
212 + -218 + (2 - -23) - -10
29
Calculate 0 - (1 + 12) - (207 - (207 - 12)).
-25
What is 122 - 2 - (176 + (-282 - -100))?
126
What is 86 + -5 - (-315 - -302)?
94
Calculate -54 - -35 - (-16 + -41).
38
Calculate -30 + 30 + 8 + -38 + 18 + -19.
-31
Calculate -61 + 4 + 21 + 20 - 17.
-33
Calculate -8 - -1 - (-68 + 11) - (-146 + 132).
64
What is the value of 72 + (16 - 16 - -13 - 18)?
67
Evaluate (332 - 393) + (58 - 6).
-9
9 + 3 + -7 + (8 - 26)
-13
Calculate -149 - -15 - (51 + 11 - 55).
-141
What is -26 + 23 - (-50 + 37 - -115)?
-105
What is the value o